
-46350151
Convert -9791 (base 15) to base 5.
-2011321
What is 11751473 (base 8) in base 10?
2609979
b330 (base 14) to base 5
1441224
13376772 (base 8) to base 3
12200010121202
Convert 1220122221 (base 4) to base 5.
102141224
Convert e75c1 (base 15) to base 13.
1c8c40
100100110110000011 (base 2) to base 7
1165662
Convert -12398 (base 10) to base 8.
-30156
-1223753 (base 10) to base 9
-2264605
16640bc (base 13) to base 14
d6488c
Convert -1b560 (base 16) to base 13.
-3bc6c
2338080 (base 9) to base 10
1265616
Convert 108507 (base 10) to base 2.
11010011111011011
121122121330 (base 4) to base 6
354441244
Convert 3436710 (base 8) to base 6.
32000532
What is -5a88e (base 15) in base 14?
-77373
6b23b8 (base 15) to base 4
103202023103
Convert 14408785 (base 9) to base 6.
413140205
What is 5172 (base 14) in base 13?
64c2
-111111110110011110111110 (base 2) to base 8
-77663676
Convert -2a4377 (base 11) to base 3.
-220002121001
What is -11011002011 (base 3) in base 5?
-10103311
-2c5644 (base 15) to base 2
-1000001011100100011011
Convert 7897 (base 12) to base 11.
a049
What is 33234044 (base 6) in base 7?
11333524
-1215111252 (base 6) to base 16
-d50170
What is -3a7435 (base 12) in base 14?
-1b2369
What is -a6888 (base 16) in base 14?
-13a82c
What is 81093 (base 13) in base 7?
1650621
What is -1010112021102011 (base 3) in base 11?
-918152a
-12100010111212 (base 3) to base 5
-1211240123
55403520 (base 6) to base 3
10010120211010
Convert -1011010000000100001000 (base 2) to base 3.
-12112211210110
What is 3044132 (base 6) in base 5?
14133242
What is 432dbb (base 16) in base 2?
10000110010110110111011
What is -b0227 (base 13) in base 10?
-314542
What is 1010200110 (base 4) in base 3?
112020220110
What is 577552 (base 8) in base 6?
4113310
2302323001 (base 4) to base 8
2627301
What is -31133213231 (base 4) in base 8?
-15374755
Convert -2039a0 (base 14) to base 5.
-234221114
What is 2203111003 (base 4) in base 6?
22201111
-746123 (base 9) to base 15
-8b893
What is -200110222020 (base 3) in base 11?
-229322
What is -4d77c9 (base 16) in base 8?
-23273711
What is -327c9d (base 14) in base 4?
-12201332003
15db7 (base 16) to base 5
10331102
Convert 34a507 (base 11) to base 12.
229673
Convert 139876 (base 13) to base 6.
14125514
What is -100110110000110001111 (base 2) in base 15?
-1a1524
-573560 (base 10) to base 8
-2140170
Convert 2db3 (base 14) to base 16.
2001
Convert -26a48 (base 16) to base 7.
-1226313
-2cad3a (base 14) to base 7
-16213403
-2020020001010 (base 3) to base 15
-186359
What is 6264121 (base 7) in base 11?
476562
Convert -10101011011100101011001 (base 2) to base 14.
-a63545
10100022200202 (base 3) to base 6
102034332
What is 466012 (base 8) in base 6?
3222510
5525354 (base 6) to base 4
1003120012
Convert -201798 (base 11) to base 10.
-324387
-86489 (base 15) to base 14
-b14c7
-2340273 (base 12) to base 4
-121330211313
What is -10010101010101101001 (base 2) in base 8?
-2252551
What is -55319 (base 10) in base 4?
-31200113
-1110011010010011011111 (base 2) to base 11
-2150317
What is -324b60 (base 12) in base 16?
-c2778
Convert 111121121200 (base 3) to base 6.
5424413
What is 1111111110000010010101 (base 2) in base 9?
7780421
What is 55854 (base 13) in base 7?
1214340
-3441aa (base 11) to base 2
-10000101100111010010
Convert 468504 (base 10) to base 13.
13532a
Convert -140681 (base 9) to base 4.
-110331130
What is -199d (base 16) in base 5?
-202212
Convert a58b82 (base 16) to base 2.
101001011000101110000010
Convert 10311013 (base 4) to base 8.
46507
-120101220011 (base 3) to base 13
-a8001
What is 303503 (base 7) in base 10?
51698
What is -1000243131 (base 5) in base 14?
-391199
What is -105351220 (base 6) in base 8?
-7322734
-303301110 (base 4) to base 16
-33c54
Convert 4022252 (base 6) to base 9.
318255
3522 (base 11) to base 3
20100012
Convert -d1c8b (base 15) to base 11.
-414138
What is 3b60bc (base 13) in base 12?
596177
Convert ce1b89 (base 16) to base 13.
2a4c1aa
-a6819 (base 12) to base 13
-78837
What is 11100000001010100011010 (base 2) in base 4?
130001110122
Convert 111011122202222 (base 3) to base 2.
11010101101000101101000
What is 32213210 (base 4) in base 13?
2133b
-41859 (base 10) to base 16
-a383
-10022044434 (base 5) to base 11
-5690301
195851 (base 15) to base 14
241891
-1086897 (base 10) to base 7
-12144540
What is -129951 (base 13) in base 4?
-1231303233
What is -b797 (base 15) in base 16?
-97ba
What is 100101001000011110 (base 2) in base 9?
251563
-1120021112110 (base 3) to base 13
-231a1a
Convert -101e3 (base 16) to base 13.
-24085
100101011010011010000 (base 2) to base 6
42135344
Convert 3861a0 (base 12) to base 14.
1a053a
1421143310 (base 5) to base 14
6c20b2
10452814 (base 9) to base 8
23217211
-16203 (base 13) to base 16
-a464
3a8bd (base 14) to base 9
240100
What is -111330314 (base 5) in base 2?
-1111001000001011101
Convert -11433220 (base 5) to base 10.
-108560
43040423 (base 5) to base 4
1120120010
-4840228 (base 9) to base 6
-132130512
-7174426 (base 10) to base 15
-96ab51
What is 17ca1 (base 16) in base 5?
11104231
Convert -2446542 (base 7) to base 6.
-10423503
What is -157d0 (base 14) in base 13?
-1b590
What is 110000011101001011 (base 2) in base 16?
3074b
1d2c5a (base 15) to base 2
101011100011001011011
26cd5 (base 14) to base 9
155413
Convert -121a09 (base 12) to base 7.
-2331426
What is -20021102211200 (base 3) in base 10?
-3335058
20121342 (base 5) to base 9
264568
-3a3a8 (base 11) to base 16
-e172
Convert bc34 (base 14) to base 13.
11aa4
-c985b (base 13) to base 4
-1120312131
What is -20121100212 (base 3) in base 8?
-375754
262974 (base 10) to base 16
4033e
-12333012 (base 5) to base 13
-43103
-81d2f3 (base 16) to base 10
-8508147
Convert -1288ac (base 15) to base 2.
-11011001001011110011
1bc03d8 (base 14) to base 9
28146283
77942 (base 13) to base 8
647461
Convert -1242233141 (base 5) to base 9.
-5724104
Convert 12104213 (base 5) to base 13.
3c5ca
-62861 (base 10) to base 12
-30465
Convert 2056251 (base 7) to base 9.
420216
2116307 (base 12) to base 9
12678537
Convert -3b81b (base 15) to base 9.
-320678
What is 110010010101100111100101 (base 2) in base 9?
26742143
What is -18008 (base 10) in base 2?
-100011001011000
Convert -25704221 (base 8) to base 4.
-111320202101
Convert 206a5 (base 13) to base 16.
e39f
What is 484753 (base 10) in base 5?
111003003
Convert -203333200100 (base 4) to base 10.
-9435152
What is 41004420 (base 5) in base 11?
204a90
-21222010201 (base 3) to base 15
-3170a
Convert 11101000101100110100 (base 2) to base 3.
1210102110111
What is -1643452 (base 11) in base 6?
-140011233
What is 88b2 (base 16) in base 14?
ca78
What is -2a4aa (base 15) in base 2?
-100001001101111100
What is -22201202010 (base 3) in base 13?
-602bb
Convert -408530 (base 13) to base 6.
-52121132
1552211 (base 12) to base 5
2102300311
What is 2116a2 (base 11) in base 3?
122012220022
Convert -167351 (base 13) to base 4.
-2020120103
Convert 111011001111001 (base 2) to base 15.
8ebe
What is -223010200 (base 4) in base 15?
-37411
Convert 62bc30 (base 13) to base 14.
442358
-346580 (base 9) to base 6
-4244030
-200100110010 (base 3) to base 12
-155026
What is 10011110000100110101101 (base 2) in base 9?
10664336
Convert 1021022 (base 7) to base 13.
43b8c
Convert -12742255 (base 8) to base 13.
-79579c
What is -24262601 (base 7) in base 15?
-2cbea8
Convert 11111001011110100001 (base 2) to base 5.
230144412
What is 4176007 (base 11) in base 15?
9a5135
What is -40335 (base 10) in base 9?
-61286
Convert -13021320221 (base 4) to base 15.
-270a82
Convert 1258384 (base 9) to base 3.
1021222102211
Convert 1126783 (base 11) to base 6.
110124054
Convert -1545533 (base 6) to base 15.
-1c3d6
What is 20022111300 (base 4) in base 11?
1231494
-1021200112111020 (base 3) to base 5
-14204340401
-181212 (base 9) to base 15
-234ae
What is 14041030 (base 5) in base 10?
143265
Convert 1022101001212 (base 3) to base 9.
1271055
Convert 30422444 (base 5) to base 11.
15a779
-1111000011111011 (base 2) to base 6
-1153335
What is -1225801 (base 9) in base 10?
-666955
What is -133644 (base 7) in base 2?
-110001100010101
What is -18dc25 (base 15) in base 2?
-100100111101001101001
Convert 112123103 (base 4) to base 11.
63019
-220110021 (base 5) to base 10
-94126